7424039?
7, 127, 1193
List the prime factors of 78086847.
3, 26028949
List the prime factors of 58862277.
3, 53, 123401
What are the prime factors of 741797923?
239, 3103757
List the prime factors of 49079865.
3, 5, 3271991
List the prime factors of 9825997.
9825997
List the prime factors of 44298694.
2, 11, 37, 54421
What are the prime factors of 649452912?
2, 3, 29, 466561
What are the prime factors of 302215769?
227, 1331347
What are the prime factors of 1614909695?
5, 7, 23, 353, 5683
List the prime factors of 179960234.
2, 23, 41, 95419
List the prime factors of 27680680.
2, 5, 692017
List the prime factors of 887460541.
11, 80678231
What are the prime factors of 70944828?
2, 3, 619, 9551
List the prime factors of 1293044157.
3, 17, 8451269
What are the prime factors of 27851109?
3, 11, 13, 64921
List the prime factors of 26094579.
3, 7, 59, 21061
What are the prime factors of 2305161014?
2, 13, 1259, 5417
List the prime factors of 45577574.
2, 7, 389, 8369
List the prime factors of 216978571.
216978571
List the prime factors of 8903644274.
2, 7, 90853513
What are the prime factors of 159904283?
7, 11, 71, 2659
List the prime factors of 133425810.
2, 3, 5, 7, 29, 67, 109
List the prime factors of 79386652.
2, 2609, 7607
What are the prime factors of 1858392355?
5, 29, 12816499
List the prime factors of 3781559.
3781559
List the prime factors of 81420843.
3, 7, 127, 30529
What are the prime factors of 433725457?
11, 39429587
List the prime factors of 3329983727.
7, 475711961
What are the prime factors of 4399059600?
2, 3, 5, 13, 93997
What are the prime factors of 11306781?
3, 29, 43321
What are the prime factors of 405613792?
2, 12675431
List the prime factors of 25188900.
2, 3, 5, 11, 17, 449
What are the prime factors of 221535435?
3, 5, 11, 149, 9011
What are the prime factors of 12718714?
2, 19, 197, 1699
List the prime factors of 1539558400.
2, 5, 60139
List the prime factors of 1836567280.
2, 5, 22957091
List the prime factors of 2138048319.
3, 11, 64789343
What are the prime factors of 2411739543?
3, 23, 173, 281, 719
What are the prime factors of 200328677?
5479, 36563
What are the prime factors of 7938975462?
2, 3, 11, 137, 878011
What are the prime factors of 487855745?
5, 13, 919, 8167
What are the prime factors of 596353458?
2, 3, 99392243
What are the prime factors of 254237439?
3, 71, 1193603
List the prime factors of 517526482.
2, 11, 23523931
What are the prime factors of 747930310?
2, 5, 74793031
List the prime factors of 2856606769.
2856606769
What are the prime factors of 93216083?
17, 41, 7867
List the prime factors of 170915142.
2, 3, 41, 53, 13109
What are the prime factors of 187426521?
3, 1031, 6733
List the prime factors of 6580453097.
6580453097
What are the prime factors of 2724088685?
5, 1213, 449149
List the prime factors of 176169143.
2069, 85147
List the prime factors of 1809495488.
2, 47, 211, 2851
What are the prime factors of 33652255?
5, 7, 13, 73961
What are the prime factors of 1843848494?
2, 921924247
List the prime factors of 2124795491.
7, 13, 409, 57089
What are the prime factors of 250180828?
2, 19, 37, 88969
What are the prime factors of 45316298?
2, 569, 39821
List the prime factors of 6949951492.
2, 11, 17, 23, 41, 59, 167
What are the prime factors of 620698231?
59, 10520309
What are the prime factors of 27408170?
2, 5, 2740817
List the prime factors of 23224068.
2, 3, 7, 157, 587
List the prime factors of 579581494.
2, 41, 587, 12041
List the prime factors of 1362196767.
3, 454065589
What are the prime factors of 5106503988?
2, 3, 141847333
List the prime factors of 5741612768.
2, 179425399
List the prime factors of 242108470.
2, 5, 1409, 17183
List the prime factors of 970153327.
11, 13, 29, 233941
List the prime factors of 10230083.
10230083
What are the prime factors of 359694573?
3, 7, 1933, 8861
List the prime factors of 3449327312.
2, 215582957
What are the prime factors of 86643057?
3, 2957, 9767
List the prime factors of 559407407.
13, 1103, 3001
What are the prime factors of 93023373?
3, 19, 1631989
What are the prime factors of 938371641?
3, 23, 13599589
What are the prime factors of 431014009?
7237, 59557
List the prime factors of 291868235.
5, 73, 509, 1571
List the prime factors of 1004106924.
2, 3, 27891859
What are the prime factors of 2616468698?
2, 3691, 354439
What are the prime factors of 1814062949?
173, 10485913
List the prime factors of 350277800.
2, 5, 337, 5197
List the prime factors of 25139943.
3, 23, 40483
List the prime factors of 160442574.
2, 3, 19, 1407391
List the prime factors of 312944901.
3, 4363, 23909
List the prime factors of 62206107.
3, 233, 88993
List the prime factors of 45836003.
83, 552241
List the prime factors of 1404851770.
2, 5, 7, 4447, 4513
List the prime factors of 227097479.
7, 179, 181243
List the prime factors of 1855013371.
31, 1291, 46351
What are the prime factors of 15932686?
2, 7, 11, 307, 337
List the prime factors of 375497045.
5, 7, 11, 277, 503
List the prime factors of 143660580.
2, 3, 5, 7, 342049
What are the prime factors of 372152035?
5, 74430407
List the prime factors of 46040247.
3, 11, 37, 12569
List the prime factors of 1154771261.
7, 53, 1373, 2267
List the prime factors of 29300874.
2, 3, 193, 25303
What are the prime factors of 12489196?
2, 3122299
What are the prime factors of 267955007?
167, 1604521
List the prime factors of 162286019.
7, 239, 97003
List the prime factors of 2333335194.
2, 3, 97, 445463
What are the prime factors of 56661963?
3, 487, 38783
List the prime factors of 25624234.
2, 12812117
What are the prime factors of 81852833?
81852833
List the prime factors of 65556066.
2, 3, 29, 376759
List the prime factors of 98991901.
17, 5823053
List the prime factors of 4679884025.
5, 187195361
List the prime factors of 15801513.
3, 7, 13, 57881
List the prime factors of 1538768249.
61, 25225709
What are the prime factors of 871999208?
2, 108999901
What are the prime factors of 132430049?
132430049
List the prime factors of 132708173.
13, 67, 152363
List the prime factors of 922593220.
2, 5, 6101, 7561
List the prime factors of 812167085.
5, 162433417
List the prime factors of 47982818.
2, 13, 141961
List the prime factors of 817432426.
2, 89, 4592317
What are the prime factors of 3637590220?
2, 5, 11, 31, 533371
List the prime factors of 487669241.
113, 757, 5701
What are the prime factors of 214612345?
5, 103, 281, 1483
List the prime factors of 540954267.
3, 7, 421, 8741
List the prime factors of 23624364.
2, 3, 41, 48017
List the prime factors of 5368163880.
2, 3, 5, 44734699
List the prime factors of 695735201.
7, 29, 31, 110557
List the prime factors of 2139089023.
41, 617, 84559
What are the prime factors of 15351120?
2, 3, 5, 23, 103
What are the prime factors of 807942406?
2, 9209, 43867
List the prime factors of 1379099299.
2939, 469241
What are the prime factors of 238466875?
5, 23, 53, 313
What are the prime factors of 482713427?
7, 68959061
What are the prime factors of 133125076?
2, 7, 43, 110569
List the prime factors of 482299116.
2, 3, 13, 19, 29, 31, 181
List the prime factors of 1784352313.
139, 92353
List the prime factors of 1314326951.
7, 29, 229, 577
What are the prime factors of 1148296613?
131, 2311, 3793
List the prime factors of 94121090.
2, 5, 7, 73, 113, 163
List the prime factors of 558859941.
3, 62095549
List the prime factors of 80657816.
2, 29, 67, 5189
What are the prime factors of 138710102?
2, 23, 3015437
What are the prime factors of 2031741592?
2, 19, 79, 169199
List the prime factors of 42700463.
13, 431, 7621
List the prime factors of 63688222.
2, 13, 17, 89, 1619
List the prime factors of 179497320.
2, 3, 5, 149, 10039
What are the prime factors of 160702111?
160702111
List the prime factors of 550602467.
1153, 477539
What are the prime factors of 840360811?
29, 443, 65413
What are the prime factors of 1349409585?
3, 5, 29, 137, 22643
List the prime factors of 144144260.
2, 5, 13, 19, 29179
List the prime factors of 560028230.
2, 5, 19, 2947517
What are the prime factors of 15745900?
2, 5, 101, 1559
List the prime factors of 56856898.
2, 7, 4061207
List the prime factors of 33819752.
2, 23, 41, 4483
What are the prime factors of 2460268782?
2, 3, 45560533
What are t